late the greatest common divisor of g and l.
10
Let a(x) = x**2 + 5*x - 15. Let q be a(-10). Let m = q - 5. Calculate the highest common factor of 30 and m.
30
Let t = 1831 + -1820. What is the highest common factor of 8 and t?
1
Let o = -37 + 42. Let i = 18 - -7. Calculate the greatest common factor of i and o.
5
Let o be 46/8 - (-6)/(-8). Suppose o*x - 5 = 15. Suppose 5 = x*j - 35. Calculate the greatest common factor of 80 and j.
10
Let s be (18/(-117) - 11/13) + 85. Let h(y) = 13*y**3 - 2*y**2 + 2*y - 1. Let c be h(1). What is the highest common factor of s and c?
12
Let u be ((-14)/(-28))/((-1)/(-130)). What is the highest common factor of u and 299?
13
Suppose -2*a - 17*p = -15*p - 650, 5*a = -p + 1621. Suppose -3*g + 8*l + 118 = 3*l, 0 = -g + 3*l + 42. Calculate the highest common divisor of a and g.
36
Let h(d) = 36*d - 18. Let q be h(3). Suppose 0 = 8*m + m - q. What is the greatest common divisor of m and 5?
5
Let v = -289 - -303. Suppose 70 + 96 = 5*j - 4*w, 3*j - 86 = -w. Let s = j - v. Calculate the greatest common divisor of 80 and s.
16
Let j(z) = z + 11. Suppose 5 - 25 = 4*i, -2*n + 4*i = -36. Let r be j(n). Let q = r + -9. Calculate the highest common divisor of q and 20.
10
Let d = 13692 + -13665. Let s = 50 + -32. Calculate the highest common factor of s and d.
9
Let h = 378 - 376. What is the highest common divisor of h and 15?
1
Let x = -18 - -34. Let s be (7/(-2) + -3)*(1 - 3). Let q(v) = -v**2 + 11*v + 30. Let p be q(s). Calculate the greatest common divisor of x and p.
4
Let l be (-89 + (-7 - 0))*-2. What is the greatest common divisor of 56 and l?
8
Suppose -4*h = 5*i - 420 - 472, -i = -4*h + 916. What is the highest common divisor of 304 and h?
76
Let a(s) = -41*s**3 - 4*s**2 - 4*s - 2. Let t be a(-1). Let i = t + 60. Calculate the highest common divisor of 11 and i.
11
Suppose 55*q - 56*q = -455. What is the greatest common divisor of q and 35?
35
Let j(z) = 5*z**2 - 10*z - 3. Let a(m) = -m**2 - 2*m + 6. Let f be a(0). Let h be j(f). What is the highest common factor of h and 13?
13
Let q = 45 + -38. Let f be q*(5/(-3))/(5/(-15)). What is the highest common factor of 7 and f?
7
Suppose -3*o + 334 = -395. Suppose 3*a + 21 - o = 0. What is the greatest common factor of 185 and a?
37
Let t(l) = 38*l**3 - 2*l**2 + 13*l - 21. Let a be t(3). Calculate the greatest common divisor of a and 38.
38
Suppose -5*w - 69 = -494. Let i be 80/(-32)*(-116)/5. Let y = w - i. What is the greatest common factor of 216 and y?
27
Suppose -111 = 3*k - 4*w, -2*w = -5 - 1. Let z = k + 41. What is the greatest common divisor of z and 72?
8
Suppose 0*m - 2*t = 3*m - 4, 0 = 5*m - t - 11. Suppose -b = -m - 10. What is the highest common factor of b and 12?
12
Let i(m) = -m - 5. Let a be i(-4). Let w be (2*2)/(a/(-4)). Suppose -560*q + 24 = -558*q + 4*n, -90 = -5*q + 5*n. What is the greatest common factor of q and w?
16
Let y = -4 - -15. Let n = y - -9. Suppose 14 - 1 = q - 4*m, n = 5*q - 5*m. Calculate the greatest common factor of 9 and q.
1
Let d(s) = s**2 + 6*s. Let v be ((-3)/9)/((-8)/(-408)). Let f be d(v). Calculate the highest common divisor of f and 17.
17
Suppose 0 = c - 37 - 51. Let x(k) = k**2 - k + 10. Let y be x(-3). Calculate the highest common factor of c and y.
22
Suppose -39*p = 68*p - 27392. Calculate the highest common factor of 144 and p.
16
Let x be 24/(-16) - (-261)/2. Let t = x + -112. Let j(g) = -95*g - 3. Let n be j(-2). Calculate the greatest common divisor of n and t.
17
Suppose 4 = 9*r - 7*r, 4*r + 168 = 4*f. Calculate the greatest common divisor of 748 and f.
44
Let f = 44 - 46. Let u be f - (8*-2 + 1). What is the greatest common factor of u and 91?
13
Let z(w) = w**3 + 11*w**2 - 12*w - 11. Let n be z(-12). Let t be 1/(n/4 + 3). What is the highest common divisor of 6 and t?
2
Let z(j) = -j**2 + 31*j - 12. Let f be z(19). What is the highest common factor of 90 and f?
18
Let v = -6 + 18. Let w(p) = p + 6. Suppose 0 = l - 4*o + 14 - 2, 5*l + 3 = o. Let r be w(l). Calculate the greatest common divisor of r and v.
6
Let p be 6 - (4 + 1 - 3). Suppose 0 = 5*j - 24 - 21. Suppose 2*b + 14 = j*b. Calculate the highest common divisor of p and b.
2
Suppose -3*d - 4*j = -6*j - 1, -5*d + 1 = -3*j. Let h be (d/(-4))/((-2)/(-8))*3. Calculate the highest common factor of 27 and h.
3
Suppose -5*w - 2*m + 364 - 4 = 0, -w - 3*m + 85 = 0. Let p = 120 - w. Suppose 4 = -g, -o + 3*g - g = -p. Calculate the greatest common divisor of o and 21.
21
Suppose -15 = -5*u - 4*a, -3*u - 5*a = -7*u + 12. Calculate the greatest common divisor of 21 and u.
3
Suppose 5*b = 52 - 7. Suppose -12*n + 39 = -b*n. Calculate the highest common factor of 143 and n.
13
Let u be 120/(1/(16/(-6))). Let v be u/(-1*(1 - 0)). Suppose -5*y = -3*y - v. Calculate the greatest common divisor of y and 20.
20
Let t(g) = 7*g**2 - 12*g + 11. Let n be t(5). Suppose -5*j + 42 + 48 = 0. Calculate the highest common divisor of n and j.
18
Let z(l) = 22*l**2 + 4*l - 3. Let t be z(3). Let b be ((-69)/(-4))/(255/340). Calculate the highest common divisor of b and t.
23
Suppose -3*v = p - 122, -4*p = -5*v - 2*p + 196. Calculate the highest common divisor of 40 and v.
40
Let l(g) = -2*g**3 + 77*g**2 + 56*g - 26. Let b be l(39). What is the greatest common factor of b and 39?
13
Suppose -3*u - 3*o = -24, 0 = 7*u - 4*u + o - 18. Calculate the highest common divisor of u and 65.
5
Let b(h) = -35*h - 371. Let a be b(-13). What is the highest common divisor of 266 and a?
14
Let v = 468 - 417. Calculate the greatest common factor of v and 1479.
51
Let z = 727 - 336. What is the highest common divisor of z and 34?
17
Let k be 5 - (1 + -3 - -4). Suppose 2*s - 38 = -k*a + a, 2*a + 62 = 3*s. Let l = 33 - s. What is the greatest common divisor of 117 and l?
13
Suppose 3*j + 4*q + 8 = 0, -3*j = -j + 2*q + 2. Suppose -23 + 3 = -j*k. Suppose l = k*l - 32. What is the highest common divisor of 88 and l?
8
Suppose 0 = i - 97 + 37. Let b = i - 28. What is the greatest common divisor of b and 32?
32
Suppose -24*y + 27*y - 5*u = 40, -25 = -2*y + 5*u. Calculate the highest common divisor of 255 and y.
15
Let t(k) = -5*k - 6. Let r be t(-6). Suppose -z + 2*f = z - r, -5*f - 38 = -3*z. Calculate the greatest common factor of 77 and z.
11
Let o = 50 + -1. Calculate the highest common factor of o and 98.
49
Suppose 0 = 7*j - j - 534. Suppose -3*x = 3*u + 70 - 346, 2*u = -x + j. Calculate the highest common divisor of x and 38.
19
Let f be (30 - 2) + 0/(-6). Let s be 2/(-2 + 580/291). Let y = s - -431. Calculate the highest common factor of f and y.
28
Let x be ((-150)/100)/(2/(-40)). Calculate the highest common divisor of x and 110.
10
Suppose 3*r - 489 = -2*g, 0*g - g + 277 = -5*r. Suppose 11 + 169 = 5*k - 5*o, 5*o = -4*k + 144. What is the highest common divisor of k and g?
36
Suppose p - 4*p - 30 = 0. Let r = -7 - p. Suppose -5 + 2 = r*q, -b + 4*q = -38. What is the highest common divisor of b and 17?
17
Let g = 13 + -10. Suppose g*w = 296 + 52. Let f = w - -60. What is the highest common factor of f and 16?
16
Let b(i) = -i**2 - 6*i - 4. Let d be b(-4). Suppose 736 = d*f - 0*f. Let z be 80/(-560) - ((-296)/14 - 2). Calculate the greatest common divisor of f and z.
23
Let w(y) = 31*y**2 - 43*y - 77. Let z be w(9). Calculate the greatest common divisor of z and 89.
89
Let v(u) = 11*u**2 - 11*u - 22. Let q be v(7). Calculate the highest common factor of q and 55.
55
Suppose 0 = -2*l - 3*l + 1120. Let w(v) = -3*v - 2. Let z be w(-10). What is the greatest common factor of l and z?
28
Let b(m) = m**2 + m - 28. Let y be b(-15). Suppose -y = -5*l + 88. What is the greatest common factor of l and 135?
27
Suppose 4*o - 2 = -6. Let q be (460/(-80))/(o/4). Calculate the greatest common factor of q and 115.
23
Suppose 3*j = -j - 2*k + 326, 5*j = -5*k + 415. What is the highest common factor of j and 440?
40
Suppose -12 = 3*w - 4*w. Let f = w - -69. What is the highest common factor of f and 54?
27
Suppose 2*a - 139 = -c, 5*c = -2*a + 83 + 68. Let b be ((-2)/(-3))/((-12)/18*11/(-1122)). What is the highest common divisor of b and a?
34
Suppose -3*j + 7*j - 584 = -4*k, -2*j + 3*k + 312 = 0. Let v(u) = u**3 - 9*u**2 - 5*u. Let r be v(10). What is the highest common divisor of r and j?
50
Suppose -87 = 5*l - 7.